0
Let f = 32 + 1. Suppose -7 - f = -v. Suppose 5*y + 2*r - 30 = 0, -5*r + 4 = -5*y + 69. Calculate the highest common factor of y and v.
8
Suppose -3*b = -2 - 4. Suppose b*t = -5*t. Suppose t = -2*o - 0*o + 14. Calculate the greatest common divisor of o and 28.
7
Let w(a) = 242*a + 3. Let s be w(1). Suppose 0 = 2*u + 5*o - s, 5*o + 560 = 4*u + u. Calculate the greatest common divisor of u and 46.
23
Let s be 2/(-6) - 1025/(-15). Let f(n) = -n - 17. Let a be f(-20). Suppose s = -k + a*k. Calculate the greatest common factor of 34 and k.
34
Let t(o) = -o**3 + 8*o**2 + 9*o + 9. Let d be t(6). Suppose -2*y + w + 12 = -16, -5*y + 2*w = -71. Calculate the greatest common divisor of y and d.
15
Let x(b) = -36*b + 24. Let y be x(-16). Suppose -4*i + 3*p = -800, -3*i + y = -0*i + 4*p. Calculate the highest common factor of i and 20.
20
Let h(v) = -v**2 - 19*v + 4. Let a be h(-8). Suppose 2*c + 4*t = -102, -4*t + 3*t = -2*c - a. Let d = 83 + c. What is the highest common divisor of d and 12?
12
Let m(u) = -8*u - 6 + 2*u**2 + 14*u + 0*u**2. Let n be m(-6). Calculate the highest common factor of n and 5.
5
Let b be (-2 - (1 + 1))*1/(-1). Suppose -28 = o - 5*o - 2*y, 2*o = -b*y + 14. Calculate the highest common divisor of o and 14.
7
Let f be (-383)/(-6) - 6/(-36) - 4. Calculate the highest common divisor of f and 20.
20
Suppose -84 = -5*p - 2*d, 4*d - 28 - 60 = -5*p. Calculate the greatest common factor of p and 88.
8
Let o be 6/10 - (-17)/5. Suppose -568 = -5*g - 58. Suppose -3*j - 3*s = -g, -o*j = -5*s - 0*s - 127. What is the highest common factor of 11 and j?
11
Suppose -4 = 5*u - 19. Suppose u = -5*s - 17. Let w be ((-5)/(-4))/((-1)/s). Calculate the highest common factor of w and 25.
5
Let t = 58 - 19. Calculate the greatest common divisor of t and 3.
3
Let h(k) = -2*k - 1. Let i be h(-7). Let v = 585 + -571. Let n = i + v. Calculate the greatest common divisor of n and 243.
27
Let q be 13*6*6/18. Calculate the greatest common divisor of q and 117.
13
Suppose 2*o - 6*d = 264, -24*d + 28*d = -24. Let k(q) = -18*q + 4. Let m be k(-4). Calculate the greatest common divisor of m and o.
38
Let w = -175 + 287. What is the greatest common factor of w and 42?
14
Let g(d) = 44*d + 3. Let r be g(1). Calculate the highest common factor of r and 47.
47
Suppose 185 = 5*v + m, 4*v = -m + 114 + 35. What is the greatest common divisor of v and 456?
12
Let x(q) = -q**3 - 4*q**2 - 2*q - 6. Let h be x(-4). Suppose z = 3 + h. Suppose -z*a = -61 + 11. What is the highest common divisor of a and 80?
10
Let j = 37 + -37. Let n be j/((-2 + -2)/2). Suppose n = -5*l - 3*p + 151, p + 146 - 15 = 4*l. What is the highest common divisor of 16 and l?
16
Suppose -2 - 2 = -2*j. Suppose 8 = p - j. Suppose p + 18 = 4*q. Calculate the highest common divisor of 7 and q.
7
Let z = -28 - -36. Let s = -17 + 26. Let n = z + s. Calculate the highest common divisor of 119 and n.
17
Let h(n) = -31*n - 518. Let u be h(-18). Suppose -4*f = 3*w - 52, -w + 20 = 4*f - 6*w. Calculate the greatest common divisor of u and f.
10
Let a(f) be the second derivative of 11*f + 0 + f**2 + 1/6*f**3. Let w be a(13). Calculate the greatest common factor of w and 60.
15
Let a(f) = 8*f - 53. Let g be a(16). What is the highest common divisor of 175 and g?
25
Suppose -5*t - 4*t = -459. What is the greatest common factor of t and 323?
17
Suppose -1910*l + 1878*l = -448. Let d(u) = -u**3 + u**2 + 14. Let x be d(0). What is the highest common divisor of l and x?
14
Let b = 45 - 39. Let i(n) = n**2 - 4*n**2 - n**3 + 2*n**3 - 13*n + 6. Let c be i(b). What is the highest common divisor of 144 and c?
36
Let u be (2 - (-65)/(-20))*-20. What is the highest common divisor of 275 and u?
25
Let n = 17 - 10. Let c(i) = 3*i - 6. Let t be c(n). Let d be (63/12)/(t/80). What is the highest common divisor of 7 and d?
7
Let a(w) = 251*w - 487. Let i be a(5). Calculate the greatest common divisor of 36 and i.
12
Let v(x) = -19*x**2. Let a(d) = 2337*d**2. Let k(t) = 6*a(t) + 741*v(t). Let p be k(-1). Let r = p + 84. What is the highest common factor of 9 and r?
9
Suppose 40*v = 14*v + 1014. Calculate the greatest common divisor of 104 and v.
13
Let h be 2546/536 - (30/(-8))/3. What is the greatest common divisor of h and 27?
3
Let w = 253 + -43. What is the highest common factor of 28 and w?
14
Let s(o) = 113*o - 397. Let u be s(5). Calculate the highest common factor of 294 and u.
42
Let t be (-3)/(-3 + (-9)/(-6)). Suppose -t*q + 19 = -2*g + g, -g = 1. Let s be 2/1*(-180)/(-8). What is the greatest common divisor of s and q?
9
Let v = 84 + -42. Suppose -h = -5*i + 39, 0 = -5*i + h - 3*h + v. Let b = -2 + 3. Calculate the highest common divisor of b and i.
1
Let u(l) = -l**2 + 8*l - 7. Let v be u(6). Let q = 86 - 87. Let s = v + q. Calculate the greatest common factor of s and 20.
4
Let l(o) = -3*o**2 + 59*o + 27. Let a be l(20). Let g = 14 - 10. What is the greatest common factor of g and a?
1
Let l be (-128)/(-10) - 1/(-5). Suppose -5*s + p + l = 0, -5*p + 19 = 2*s + s. Suppose -s*n + 18 = -12. Calculate the highest common divisor of 20 and n.
10
Let y(t) = -t**3 + 4*t**2 - 1. Suppose 5*o - 10 = -0, -i - 3*o + 9 = 0. Let w be y(i). Suppose 0*r = 4*r - 80. What is the highest common factor of w and r?
4
Let o be 51 - (1 - 4) - 4. Suppose 0 = 5*c - 2*f - 2*f - 80, -3*c = -3*f - 45. What is the greatest common divisor of o and c?
10
Suppose -4*w = g - 133, -3*g - 152 + 7 = -5*w. What is the greatest common factor of w and 2?
2
Suppose 0 = -o + 3*o - 396. Suppose 0 = -8*m + 114 + 30. What is the greatest common factor of o and m?
18
Suppose -2*x - 390 = -5*p, -p + 330 = 3*p + 2*x. Suppose -2*d + 20 = -p. What is the greatest common divisor of 125 and d?
25
Suppose 3*z = 8*z + b - 22, -b - 10 = -3*z. Suppose -z*i - 8 = -5*p - 122, 4*p = -i - 87. Let o = 24 + p. Calculate the greatest common factor of o and 22.
2
Let v(l) = 6*l - 3. Let r be v(4). Let j = 10 - -7. Let t = j + r. What is the highest common factor of t and 95?
19
Suppose -1179 = -4*n + 1233. What is the highest common divisor of 67 and n?
67
Let a = 37 - 21. Let h = 196 + -176. Suppose 54*o - h = 44*o. Calculate the highest common divisor of a and o.
2
Let z be ((-2)/4)/((-1)/22). Let t = 272 - 195. What is the greatest common divisor of t and z?
11
Suppose 0 = -5*j + 3*t + 76, 9*t + 38 = 3*j + 11*t. What is the highest common factor of 4 and j?
2
Suppose 4*j + 784 = 8*j. Suppose -t + 3*t = -2. Let w be (-966)/(-35) - t*2/5. What is the highest common factor of j and w?
28
Suppose -8960 = -5*b - 15*b. Calculate the highest common factor of 96 and b.
32
Let j(c) = 27*c**2 - 19*c - 62. Let d be j(5). Calculate the greatest common divisor of d and 21.
7
Suppose 3*w - 2*u = 340, 9*w + 3*u = 4*w + 592. What is the greatest common divisor of 4 and w?
4
Let y = 34 - 30. What is the greatest common divisor of 52 and y?
4
Suppose -22*p = -50 - 229 + 15. Suppose 64 = -4*b + 184. What is the highest common factor of p and b?
6
Let j be (23 - -9)/((-4)/(-34)). Calculate the highest common divisor of 17 and j.
17
Let u(t) = -2*t**2 + 8*t - 3. Let p be u(5). Let w = p - -85. Let h be (-1)/6 - (-9012)/w. Calculate the highest common factor of 25 and h.
25
Let t be 12/3*9/4. Let m(s) = s - 10. Let d be m(t). Let i be d - 3/((-3)/10). Calculate the highest common factor of 72 and i.
9
Let r(d) = -7*d - 11. Let l be r(-11). Let w = -39 + l. Calculate the highest common divisor of 297 and w.
27
Let w(p) = 54*p**2 + 17*p - 37. Let i be w(2). Calculate the highest common divisor of 284 and i.
71
Let f(i) = 10*i**2 - i - 2. Let a be f(2). What is the greatest common factor of 276 and a?
12
Suppose -47 = -3*k - 2. Suppose -k = -i - 2*i. Let o = i + 3. What is the greatest common factor of 2 and o?
2
Suppose 0 = 4*f - 8 - 40. Let s be (26 + 1)/(18/f). Calculate the highest common divisor of s and 9.
9
Let c(t) = -t + 5. Let z be c(3). Suppose -72 = m - z*m + 4*s, m - s = 75. Calculate the highest common factor of m and 190.
38
Let q(h) = 5*h**2 + 19*h - 56. Let c be q(3). What is the highest common divisor of 1702 and c?
46
Let p(d) = 46*d. Let v be 1/(3/(-15)*-5). Let k be p(v). Let o be k/10 + (-4)/(-10). What is the highest common divisor of o and 2?
1
Let l = 37 - 35. Suppose -4*w = -2